{"id":182,"date":"2018-10-29T20:27:31","date_gmt":"2018-10-29T23:27:31","guid":{"rendered":"http:\/\/www.alinek.com.br\/site\/?page_id=182"},"modified":"2021-12-24T09:47:59","modified_gmt":"2021-12-24T12:47:59","slug":"estetica","status":"publish","type":"page","link":"http:\/\/www.alinek.com.br\/site\/estetica\/","title":{"rendered":"Ortodontia Est\u00e9tica"},"content":{"rendered":"<div id='av_section_1' class='avia-section main_color avia-section-default avia-no-border-styling avia-bg-style-scroll  avia-builder-el-0  el_before_av_section  avia-builder-el-first    container_wrap fullsize' style='background-color: #d0a967;  '  ><div class='container' ><main  role=\"main\" itemprop=\"mainContentOfPage\"  class='template-page content  av-content-full alpha units'><div class='post-entry post-entry-type-page post-entry-182'><div class='entry-content-wrapper clearfix'>\n<div style='padding-bottom:10px; color:#ffffff;' class='av-special-heading av-special-heading-h3 custom-color-heading blockquote modern-quote modern-centered  avia-builder-el-1  avia-builder-el-no-sibling   '><h3 class='av-special-heading-tag '  itemprop=\"headline\"  >Ortodontia Est\u00e9tica<\/h3><div class='special-heading-border'><div class='special-heading-inner-border' style='border-color:#ffffff'><\/div><\/div><\/div>\n\n<\/div><\/div><\/main><!-- close content main element --><\/div><\/div><div id='av_section_2' class='avia-section main_color avia-section-default avia-no-border-styling avia-bg-style-scroll  avia-builder-el-2  el_after_av_section  el_before_av_section   container_wrap fullsize' style=' '  ><div class='container' ><div class='template-page content  av-content-full alpha units'><div class='post-entry post-entry-type-page post-entry-182'><div class='entry-content-wrapper clearfix'>\n<div class='flex_column_table av-equal-height-column-flextable -flextable' ><div class=\"flex_column av_one_half  av-animated-generic fade-in  flex_column_table_cell av-equal-height-column av-align-middle av-zero-column-padding first  avia-builder-el-3  el_before_av_one_half  avia-builder-el-first   \" style='border-radius:0px; '><p><div class='avia-image-container  av-styling-    avia-builder-el-4  el_before_av_textblock  avia-builder-el-first   avia-align-center '  itemprop=\"image\" itemscope=\"itemscope\" itemtype=\"https:\/\/schema.org\/ImageObject\"  ><div class='avia-image-container-inner'><div class='avia-image-overlay-wrap'><img class='avia_image' src='http:\/\/www.alinek.com.br\/site\/wp-content\/uploads\/2018\/10\/invi7.png' alt='' title='invi7' height=\"97\" width=\"346\"  itemprop=\"thumbnailUrl\"  \/><\/div><\/div><\/div><br \/>\n<section class=\"av_textblock_section \"  itemscope=\"itemscope\" itemtype=\"https:\/\/schema.org\/CreativeWork\" ><div class='avia_textblock  '   itemprop=\"text\" ><p>A Dra. Aline \u00e9 \u201cInvisalign Doctor\u201d<\/p>\n<p>Invisalign utiliza jogos de alinhadores sequenciais, feitos sob medida. Os alinhadores s\u00e3o praticamente invis\u00edveis e reposicionam seus dentes passo a passo para conseguir o sorriso que voc\u00ea deseja. Conhe\u00e7a o Invisalign!<\/p>\n<\/div><\/section><br \/>\n<div class='avia-image-container  av-styling-    avia-builder-el-6  el_after_av_textblock  avia-builder-el-last   avia-align-center '  itemprop=\"image\" itemscope=\"itemscope\" itemtype=\"https:\/\/schema.org\/ImageObject\"  ><div class='avia-image-container-inner'><div class='avia-image-overlay-wrap'><img class='avia_image' src='http:\/\/www.alinek.com.br\/site\/wp-content\/uploads\/2018\/10\/invi1-1.png' alt='' title='invi1' height=\"166\" width=\"315\"  itemprop=\"thumbnailUrl\"  \/><\/div><\/div><\/div><\/p><\/div><div class='av-flex-placeholder'><\/div><div class=\"flex_column av_one_half  av-animated-generic right-to-left  flex_column_table_cell av-equal-height-column av-align-middle av-zero-column-padding   avia-builder-el-7  el_after_av_one_half  el_before_av_one_half   \" style='border-radius:0px; '><div class='avia-image-container  av-styling-    avia-builder-el-8  avia-builder-el-no-sibling   avia-align-center '  itemprop=\"image\" itemscope=\"itemscope\" itemtype=\"https:\/\/schema.org\/ImageObject\"  ><div class='avia-image-container-inner'><div class='avia-image-overlay-wrap'><img class='avia_image' src='http:\/\/www.alinek.com.br\/site\/wp-content\/uploads\/2019\/11\/0100-1030x687.jpg' alt='' title='0100' height=\"687\" width=\"1030\"  itemprop=\"thumbnailUrl\"  \/><\/div><\/div><\/div><\/div><\/div><!--close column table wrapper. Autoclose: 1 --><div class=\"flex_column av_one_half  av-animated-generic fade-in  flex_column_div av-zero-column-padding first  avia-builder-el-9  el_after_av_one_half  el_before_av_one_half   column-top-margin\" style='border-radius:0px; '><div class='avia-video avia-video-4-3   av-lazyload-immediate  av-lazyload-video-embed  '   itemprop=\"video\" itemtype=\"https:\/\/schema.org\/VideoObject\"  data-original_url='https:\/\/www.youtube.com\/watch?v=wc0M5B7hzFc' ><script type='text\/html' class='av-video-tmpl'><div class='avia-iframe-wrap'><iframe title=\"O Sorriso Invisalign \u00e9 Poderoso\" width=\"1500\" height=\"844\" src=\"https:\/\/www.youtube.com\/embed\/wc0M5B7hzFc?feature=oembed\" frameborder=\"0\" allow=\"accelerometer; autoplay; clipboard-write; encrypted-media; gyroscope; picture-in-picture\" allowfullscreen><\/iframe><\/div><\/script><div class='av-click-to-play-overlay'><div class=\"avia_playpause_icon\"><\/div><\/div><\/div><\/div><div class=\"flex_column av_one_half  av-animated-generic right-to-left  flex_column_div av-zero-column-padding   avia-builder-el-11  el_after_av_one_half  el_before_av_one_full   column-top-margin\" style='border-radius:0px; '><section class=\"av_textblock_section \"  itemscope=\"itemscope\" itemtype=\"https:\/\/schema.org\/CreativeWork\" ><div class='avia_textblock  '   itemprop=\"text\" ><p><b>Vantagens<\/b><\/p>\n<ul>\n<li>Voc\u00ea retira os alinhadores para comer, escovar os dentes e passar o fio dental.<\/li>\n<li>Sem fios ou metais que irritam a sua boca.<\/li>\n<li>A troca dos alinhadores \u00e9 feita a cada 10 dias na maioria dos casos.<\/li>\n<li>Seus dentes se movem gradativamente.<\/li>\n<li>O controle de todo o processo \u00e9 feito por um ortodontista credenciado.<\/li>\n<li>Os resultados aparecem a partir de 6 meses.<\/li>\n<li>Invisalign n\u00e3o interfere no seu estilo de vida.<\/li>\n<li>A maioria das pessoas nem vai notar que voc\u00ea est\u00e1 em tratamento.<\/li>\n<\/ul>\n<\/div><\/section><\/div><div class=\"flex_column av_one_full  av-animated-generic fade-in  flex_column_div av-zero-column-padding first  avia-builder-el-13  el_after_av_one_half  el_before_av_heading   column-top-margin\" style='border-radius:0px; '><div class='avia-image-container  av-styling-    avia-builder-el-14  avia-builder-el-no-sibling   avia-align-center '  itemprop=\"image\" itemscope=\"itemscope\" itemtype=\"https:\/\/schema.org\/ImageObject\"  ><div class='avia-image-container-inner'><div class='avia-image-overlay-wrap'><img class='avia_image' src='http:\/\/www.alinek.com.br\/site\/wp-content\/uploads\/2018\/10\/invi3.png' alt='' title='invi3' height=\"611\" width=\"900\"  itemprop=\"thumbnailUrl\"  \/><\/div><\/div><\/div><\/div><div style='padding-bottom:10px; ' class='av-special-heading av-special-heading-h4    avia-builder-el-15  el_after_av_one_full  el_before_av_one_half   '><h4 class='av-special-heading-tag '  itemprop=\"headline\"  >Conhe\u00e7a a tecnologia Invisalign<\/h4><div class='special-heading-border'><div class='special-heading-inner-border' ><\/div><\/div><\/div>\n<div class=\"flex_column av_one_half  av-animated-generic right-to-left  flex_column_div av-zero-column-padding first  avia-builder-el-16  el_after_av_heading  el_before_av_one_half   \" style='border-radius:0px; '><div class='avia-video avia-video-4-3   av-lazyload-immediate  av-lazyload-video-embed  '   itemprop=\"video\" itemtype=\"https:\/\/schema.org\/VideoObject\"  data-original_url='https:\/\/www.youtube.com\/watch?v=RiuUv-Dppn0' ><script type='text\/html' class='av-video-tmpl'><div class='avia-iframe-wrap'><iframe title=\"Conhe\u00e7a a tecnologia Invisalign\" width=\"1333\" height=\"1000\" src=\"https:\/\/www.youtube.com\/embed\/RiuUv-Dppn0?feature=oembed\" frameborder=\"0\" allow=\"accelerometer; autoplay; clipboard-write; encrypted-media; gyroscope; picture-in-picture\" allowfullscreen><\/iframe><\/div><\/script><div class='av-click-to-play-overlay'><div class=\"avia_playpause_icon\"><\/div><\/div><\/div><\/div><div class=\"flex_column av_one_half  av-animated-generic right-to-left  flex_column_div av-zero-column-padding   avia-builder-el-18  el_after_av_one_half  avia-builder-el-last   \" style='border-radius:0px; '><section class=\"av_textblock_section \"  itemscope=\"itemscope\" itemtype=\"https:\/\/schema.org\/CreativeWork\" ><div class='avia_textblock  '   itemprop=\"text\" ><p><strong>Como Invisalign funciona?<\/strong><\/p>\n<p>Invisalign usa tecnologia de imagem 3-D para descrever um completo plano de tratamento com imagens da posi\u00e7\u00e3o inicial at\u00e9 a posi\u00e7\u00e3o final desejada a partir de uma s\u00e9rie de \u201calinhadores\u201d personalizados transparentes. Cada alinhador move o dente lentamente e cada um \u00e9 usado por volta de 10 dias, sendo substitu\u00eddo pela pr\u00f3xima s\u00e9rie at\u00e9 atingir a posi\u00e7\u00e3o final desejada.<\/p>\n<p><strong>Como Invisalign move os dentes?<\/strong><\/p>\n<p>Como br\u00e1quetes e fios, alinhadores Invisalign movem dentes atrav\u00e9s de uma for\u00e7a controlada aplicada nos dentes. A principal diferen\u00e7a \u00e9 que Invisalign n\u00e3o somente controla for\u00e7as, mas tamb\u00e9m controla tempo de aplica\u00e7\u00e3o de for\u00e7a. A cada est\u00e1gio de alinhadores, somente certos dentes s\u00e3o movimentados, e estes movimentos s\u00e3o determinados pelo plano de tratamento ortod\u00f4ntico para aquele particular est\u00e1gio. O resultado \u00e9 um sistema de libera\u00e7\u00e3o de for\u00e7a eficiente e controlada.<\/p>\n<\/div><\/section><\/div><\/div><\/div><\/div><!-- close content main div --><\/div><\/div><div id='av_section_3' class='avia-section main_color avia-section-default avia-no-border-styling avia-bg-style-scroll  avia-builder-el-20  el_after_av_section  avia-builder-el-last    container_wrap fullsize' style='background-color: #f9f9f9;  '  ><div class='container' ><div class='template-page content  av-content-full alpha units'><div class='post-entry post-entry-type-page post-entry-182'><div class='entry-content-wrapper clearfix'>\n<div style='padding-bottom:10px; ' class='av-special-heading av-special-heading-h4    avia-builder-el-21  el_before_av_one_third  avia-builder-el-first   '><h4 class='av-special-heading-tag '  itemprop=\"headline\"  >Essix Clear Aligner<\/h4><div class='special-heading-border'><div class='special-heading-inner-border' ><\/div><\/div><\/div>\n<div class=\"flex_column av_one_third  av-animated-generic right-to-left  flex_column_div av-zero-column-padding first  avia-builder-el-22  el_after_av_heading  el_before_av_one_third   \" style='border-radius:0px; '><section class=\"av_textblock_section \"  itemscope=\"itemscope\" itemtype=\"https:\/\/schema.org\/CreativeWork\" ><div class='avia_textblock  '   itemprop=\"text\" ><p>O sistema Essix Clear Aligner \u00e9 o que existe de mais moderno e est\u00e9tico em ortodontia para pequenos movimentos. Os alinhadores s\u00e3o transparentes e encaixam perfeitamente na boca, de forma que n\u00e3o atrapalha a fala.<\/p>\n<p>O sistema funciona com ativa\u00e7\u00f5es seguidas que s\u00e3o feitas a cada 7 dias no consult\u00f3rio odontol\u00f3gico pelo ortodontista usando alicates especiais aquecidos, proporcionando um controle constante e uma precis\u00e3o excelente para pequenas movimenta\u00e7\u00f5es e ajustes de finaliza\u00e7\u00e3o de casos de ortodontia fixa.<\/p>\n<\/div><\/section><\/div><div class=\"flex_column av_one_third  av-animated-generic right-to-left  flex_column_div av-zero-column-padding   avia-builder-el-24  el_after_av_one_third  el_before_av_one_third   \" style='border-radius:0px; '><div class='avia-image-container  av-styling-    avia-builder-el-25  avia-builder-el-no-sibling   avia-align-center '  itemprop=\"image\" itemscope=\"itemscope\" itemtype=\"https:\/\/schema.org\/ImageObject\"  ><div class='avia-image-container-inner'><div class='avia-image-overlay-wrap'><img class='avia_image' src='http:\/\/www.alinek.com.br\/site\/wp-content\/uploads\/2018\/10\/image007.jpg' alt='' title='image007' height=\"180\" width=\"293\"  itemprop=\"thumbnailUrl\"  \/><\/div><\/div><\/div><\/div><div class=\"flex_column av_one_third  av-animated-generic right-to-left  flex_column_div av-zero-column-padding   avia-builder-el-26  el_after_av_one_third  avia-builder-el-last   \" style='border-radius:0px; '><div class='avia-image-container  av-styling-    avia-builder-el-27  avia-builder-el-no-sibling   avia-align-center '  itemprop=\"image\" itemscope=\"itemscope\" itemtype=\"https:\/\/schema.org\/ImageObject\"  ><div class='avia-image-container-inner'><div class='avia-image-overlay-wrap'><img class='avia_image' src='http:\/\/www.alinek.com.br\/site\/wp-content\/uploads\/2018\/10\/image008.jpg' alt='' title='image008' height=\"180\" width=\"240\"  itemprop=\"thumbnailUrl\"  \/><\/div><\/div><\/div><\/div>\n<\/p>\n","protected":false},"excerpt":{"rendered":"","protected":false},"author":1,"featured_media":0,"parent":0,"menu_order":0,"comment_status":"closed","ping_status":"closed","template":"","meta":[],"_links":{"self":[{"href":"http:\/\/www.alinek.com.br\/site\/wp-json\/wp\/v2\/pages\/182"}],"collection":[{"href":"http:\/\/www.alinek.com.br\/site\/wp-json\/wp\/v2\/pages"}],"about":[{"href":"http:\/\/www.alinek.com.br\/site\/wp-json\/wp\/v2\/types\/page"}],"author":[{"embeddable":true,"href":"http:\/\/www.alinek.com.br\/site\/wp-json\/wp\/v2\/users\/1"}],"replies":[{"embeddable":true,"href":"http:\/\/www.alinek.com.br\/site\/wp-json\/wp\/v2\/comments?post=182"}],"version-history":[{"count":9,"href":"http:\/\/www.alinek.com.br\/site\/wp-json\/wp\/v2\/pages\/182\/revisions"}],"predecessor-version":[{"id":306,"href":"http:\/\/www.alinek.com.br\/site\/wp-json\/wp\/v2\/pages\/182\/revisions\/306"}],"wp:attachment":[{"href":"http:\/\/www.alinek.com.br\/site\/wp-json\/wp\/v2\/media?parent=182"}],"curies":[{"name":"wp","href":"https:\/\/api.w.org\/{rel}","templated":true}]}}